Let j(a) be the third derivative of a**4/24 - a**3/2 + a**2. Calculate j(f).
4
Let p(v) be the third derivative of 0*v - 1/60*v**5 - 7/24*v**4 + 4/3*v**3 + 0 - 8*v**2. Give p(-9).
-10
Let o(p) = -10*p - 5. Let g(n) = -23*n - 12. Let f(w) = -3*g(w) + 7*o(w). Determine f(-8).
9
Let q(p) be the second derivative of p**7/2520 + 7*p**6/720 + p**4/3 - 19*p. Let b(f) be the third derivative of q(f). Calculate b(-4).
-12
Suppose 14*t = 19*t - 170. Let q(i) = -t*i**2 - i + 0*i + 37*i**2. Let s be (1 + -2)*1 - -2. Calculate q(s).
2
Let l(v) = 6*v + 2*v**2 + 3 + v - v**2. Let c(x) = 2*x**2 + 73*x - 201. Let h be c(-39). What is l(h)?
-3
Let h(a) = a + 1. Let p(y) = -y - 2. Let c(m) = -5*h(m) - 4*p(m). What is c(-6)?
9
Let b(x) be the first derivative of -7*x**3/6 - x**2/2 + 7*x - 37. Let s(i) be the first derivative of b(i). Give s(2).
-15
Suppose 81*h - 273 = -10*h. Let d(s) be the second derivative of s**5/20 - s**4/3 + s**3/3 + s**2/2 - s. Determine d(h).
-2
Let o(x) = x**3 - 2*x**2 + 2*x + 1. Let g(n) = -6*n**3 + 27*n**2 - 11*n. Let t(c) = -g(c) - 5*o(c). Calculate t(17).
12
Let u(f) = -15*f**2 + 3*f + 5. Let m(y) = 22*y**2 - 4*y - 7. Let q(j) = 5*m(j) + 7*u(j). Suppose 0*w - 2*w = -2. Determine q(w).
6
Let k(c) = -2*c - 2. Suppose 0 = 5*t - 5*i + 10, 0*i + 4 = -5*t - i. Let g be (1 + t)*-1*1. Suppose b - 5 + 2 = g. Calculate k(b).
-8
Suppose 2*d = -d + 18. Suppose -9*l + 6*l = -d. Let s(o) = o**2 - 1. Calculate s(l).
3
Let p(a) = a**2 + a + 5. Let z = 222 - 222. What is p(z)?
5
Let o be (-27)/(-6)*18/27. Suppose 3*i + 9 = -o*t, 7*i = 5*i - t - 3. Let q(m) = m - 10. Give q(i).
-10
Let p(q) be the third derivative of q**6/120 - q**5/30 - q**4/4 + 184*q**2 - 2*q. Give p(-2).
-4
Let f(v) = -3*v + 10. Let n be f(3). Let o(k) be the first derivative of k**2/2 - k + 13. Give o(n).
0
Let a(z) = 0*z - 9*z - 1 + 10*z. Let x be a(4). Let t(q) = -2*q + 4. Give t(x).
-2
Let o(u) = u**3 + 2*u**2 - 3*u - 3. Let t = -112 + 116. Suppose f = 1 - t. Calculate o(f).
-3
Let b(w) = -2 - w**3 - 2*w + 2*w**3 + 3*w - 8*w**2. Let g be b(8). Suppose x + g = 4*n, 3*n + 0*n - 2*x = 2. Let i(u) = -2*u**2 + 2*u - 3. Give i(n).
-7
Let l(g) = 2*g**2 + 4*g - 1. Let w be l(-3). Suppose -2*v - t - 4 = 1, 3*v + t = -w. Let x(d) = d**3 + d + 3*d**2 + v - 3*d**3 + 4 + 3*d**3. Calculate x(-3).
1
Suppose 2 + 1 = z. Let m be 2 - -2 - 2*z. Let t(h) = 2*h**3 + 2*h**2 - h - 1. What is t(m)?
-7
Suppose -34 = 7*n - 118. Let q(i) = -i**2 + 10*i + 28. Let u be q(n). Let t(o) = -o**2 + 2*o. Give t(u).
-8
Let q(m) = -m**2 + 2*m - 1. Let u(l) = 3*l**2 - 6*l + 5. Let d(g) = -7*q(g) - 2*u(g). Determine d(-2).
5
Let o(j) = j**3 - 5*j**2 - 6*j - 4. Let q(m) = -m**2 + 5*m + 2. Let l be q(4). What is o(l)?
-4
Let y(p) = -p**2 - 21*p - 3. Let d = -716 + 695. Determine y(d).
-3
Let c(p) = 172*p - 6. Let q be c(0). Let s(y) = y**2 + 7*y + 6. Give s(q).
0
Let o = 158 - 152. Let n be o/21 + 0 - 792/77. Let c(u) = -u**2 - 11*u - 11. Calculate c(n).
-1
Let m(t) = 3*t + 6. Suppose 0 = -23*n - 161 - 0. What is m(n)?
-15
Let t(a) = a - 1. Let d be t(4). Suppose 0 = n - 5, -w - 9 = w - d*n. Let c(q) = -q**3 + 3*q**2 + 8. Let f(s) = -1. Let v(i) = c(i) + 6*f(i). What is v(w)?
2
Let d(q) = q + 13. Let j(z) = -41*z - 58. Let x be j(-1). What is d(x)?
-4
Let z be (12/(-6))/(-1 - 1). Let n(h) = -2*h - h - h + z + 5*h. Calculate n(5).
6
Let n(s) = -2*s**2 - 18*s. Let f(l) = l**3 - 5*l**2 - 8*l + 39. Let v be f(4). Give n(v).
0
Let t(c) = -11*c + 2. Let x(h) = 5*h + 56. Let s be x(-12). What is t(s)?
46
Suppose 3*l = 2*l + 4*f + 13, -2*f = 2*l - 6. Let i(n) = 0 - n**2 + 0 - l*n - 5 + 4*n. Suppose -x - x = 0. Calculate i(x).
-5
Let h be ((-9)/54 - 0)/(1/(-2)). Let g(q) be the first derivative of 5 - h*q**3 - 4*q**2 + 4*q. What is g(-8)?
4
Let u(r) = -2*r - 9. Let c(m) = -3*m**2 - 13*m - 9. Let x(l) = -l**2 - 4*l - 3. Let i(o) = -6*c(o) + 17*x(o). Let t be i(-9). Calculate u(t).
3
Let q(y) = -y**2 - y - 7. Let m(w) = -3*w + 24 + 2*w + 21 + 4*w. Let r be m(-15). What is q(r)?
-7
Let h(t) = 8*t + 3*t - 28 + 27 + 26 + 14. Give h(-3).
6
Let j(n) = -13*n - 21*n - 12*n - 18*n + 62*n - 1 + 12*n**2. Give j(-1).
13
Let d(i) = i**2 - 9*i + 12. Let f = -695 - -703. Determine d(f).
4
Let t(r) = -r**2 + 5*r + 2. Let o be (-26)/5 - (-32)/(-40). Let w(b) = -b**2 + 4*b + 2. Let j(a) = o*w(a) + 5*t(a). What is j(-3)?
4
Let j(s) = 2*s - 4. Let g = 152 + -147. Give j(g).
6
Let y be (0/(-2))/((-1)/(-1)). Let j(n) be the third derivative of -n**5/120 - n**4/2 - 4*n**3/3 + 6*n**2. Let a(c) be the first derivative of j(c). Give a(y).
-12
Let y = -15 - -10. Let t be -1 + (-24)/(-4) - (4 + -1). Let x(a) = a**t + 2*a - 1021 + 1025 + 0*a**2. Give x(y).
19
Let u(a) = -73*a**2 + a. Let d(h) = 83*h - 748. Let x be d(9). Calculate u(x).
-74
Let o = -29 + 25. Let m(v) = v**2 + 6*v + 4. Calculate m(o).
-4
Let m(i) be the second derivative of -7/2*i**2 - i + 0 + 1/6*i**3. What is m(0)?
-7
Suppose -10*h + l + 11 = -12*h, 4*h = 4*l - 4. Let f(w) = 11 - 3*w - 17*w + 0*w. Let a(d) = 7*d - 4. Let x(q) = h*f(q) - 11*a(q). Give x(-1).
-3
Let c(s) be the first derivative of -15*s**4/2 - s**2/2 - s - 253. Determine c(-1).
30
Let j(r) be the first derivative of r**2 - 1. Suppose 4046 - 4055 = -3*o. Determine j(o).
6
Let k(c) = 2*c + 6. Let w(a) = -4*a - 13. Let q(x) = 2*x - 30. Let i be q(16). Let b(h) = i*w(h) + 5*k(h). What is b(-3)?
-2
Let t(v) = -6*v**3 - 9*v**2 - 9*v + 13. Let u(q) = -5*q**3 - 8*q**2 - 7*q + 12. Let m(f) = -4*t(f) + 5*u(f). Determine m(-2).
-2
Let p(r) = -188*r + 6*r**2 + 371*r - 7 - 190*r. Let b(j) = 2*j**2 - 2*j - 2. Let z(k) = 21*b(k) - 6*p(k). Determine z(1).
6
Let n(q) = -3*q**2 + q. Let d = 26 - 37. Let z(l) = l**3 + 12*l**2 + 10*l - 10. Let k be z(d). Give n(k).
-2
Let b(i) = -2*i**3 - 5*i**2 + 12*i + 15. Let s(w) = -w**3 - w**2 + 12*w + 16. Let q(z) = -2*b(z) + 3*s(z). What is q(-6)?
-18
Let v(b) = b - 10. Suppose 5*h - 6*u = -2*u - 4, 5*h + 2 = 2*u. Suppose h = z - 2*z - 3*i + 1, -5*i - 3 = z. Calculate v(z).
-3
Let d(v) be the first derivative of -v**3/3 + 3*v**2 + 7*v + 7. What is d(5)?
12
Let d(t) = -9*t - 10*t - 7*t - 2 + 28*t. Give d(-3).
-8
Suppose 2*f - 4 = -q, -2*f + 0*f + 3*q + 4 = 0. Let m(x) = 5*x - 1 + 0*x**f - 38*x**3 + 5*x**2 + 39*x**3. Give m(-4).
-5
Let s = 24 - 21. Let r(w) = -s*w**2 + 17*w - 5 - 9*w + 2*w**2. Give r(5).
10
Let b(v) = v**2 - 4*v + 7. Let l(u) = -2*u + 3. Let p(o) = -3*b(o) + 7*l(o). Give p(-2).
-8
Let i be 3*(-65)/15*(0 - -13). Let v = i - -166. Let x(l) = -1 + 1 - 3 - l**3 - 5*l - 5*l**2. What is x(v)?
-6
Let u(m) = -18*m + 9. Let w(b) = -75*b + 40. Let d(j) = 17*u(j) - 4*w(j). Suppose -15 = 4*o + 5*x, 2 + 7 = -2*o - x. What is d(o)?
23
Let m(o) = 19*o - 8. Let j(r) = -3*r. Let l(u) = 6*j(u) + m(u). What is l(10)?
2
Let n(p) be the second derivative of p**5/20 + p**4/4 + p**3/6 + 5*p**2/2 + 10*p. Let g be n(-3). Let w(f) = f - g*f**2 - 2*f**2 + 5*f**2. Calculate w(0).
0
Let s(j) = -j + 5. Let u(d) = d - 10. Let z be u(10). Let b be s(z). Let t be 23/(-5) + (-2)/b. Let m(h) = h - 1. Determine m(t).
-6
Let r(f) = -23*f**2 + 49*f**3 - 47*f**3 - 14 + 4*f + 13*f - 5*f. Determine r(11).
-3
Suppose -5*v = -130 - 100. Let s = 50 - v. Let j(i) be the third derivative of -i**6/120 + i**5/15 - i**4/24 + 5*i**3/6 + i**2. Calculate j(s).
1
Let x be (-100)/32 + (-4)/(-32). Let z(r) = 50*r - r**2 - 102*r + 51*r. Determine z(x).
-6
Suppose 0 = -2*m - 25 + 23. Let z(j) = -5*j**2 - 6*j + 4. Let w(p) = -p**3 - p**2 - 1. Let k(t) = m*z(t) + w(t). Calculate k(5).
0
Suppose 3*c + 43 = -5*n, -c = -5*n + 9*n + 26. Let l(f) = 7*f + 4. Give l(c).
-38
Let m(n) = -15*n**2 + 7*n + 16*n**2 - 3 + 5. Let x be 40/15 + (-1)/(-3). Suppose 4 = -h - x. Determine m(h).
2
Suppose 12 = 3*t, -5*b - 2*t + 7 + 36 = 0. Suppose 0 = 5*h + b + 18. Let f(j) be the first derivative of -j**2/2 - 9*j - 5. Determine f(h).
-4
Let j(o) be the second derivative of -o**4/4 - o**3/6 + o**2/2 + 13*o. Let f(y) be the first derivative of -y**2/2 - y + 1. Let c be f(-2). Calculate j(c).
-3
Let p(r) = -3*r - 1. Let t be p(-6). Let b = 1072 - 1059. Let y(d) = -d + b - 29 + t. Calculate y(2).
-1
Let b(s) = 5*s - 1. Let t be b(2). Let h be (-4)/6 - 3/t. Let l(c) = 1 + 572*c**2 - 288*c**2 + 0*c + 2*c - 280*c**2. What is l(h)?
3
Suppose -13*n = -5*s - 18*n - 5, -30